{"id":2400,"date":"2023-04-20T15:26:02","date_gmt":"2023-04-20T13:26:02","guid":{"rendered":"https:\/\/blbt.file2.wcms.tu-dresden.de\/ausbildung\/?page_id=2400"},"modified":"2023-04-20T15:26:02","modified_gmt":"2023-04-20T13:26:02","slug":"zuerich","status":"publish","type":"page","link":"https:\/\/blbt.file2.wcms.tu-dresden.de\/ausbildung\/fachhochschulen\/zuerich\/","title":{"rendered":"Z\u00fcrich"},"content":{"rendered":"\n<h1 class=\"wp-block-heading\">ZHAW Z\u00fcrcher Hochschule f\u00fcr Angewandte Wissenschaften Z\u00fcrich<\/h1>\n","protected":false},"excerpt":{"rendered":"<p>ZHAW Z\u00fcrcher Hochschule f\u00fcr Angewandte Wissenschaften Z\u00fcrich<\/p>\n","protected":false},"author":1,"featured_media":0,"parent":138,"menu_order":122,"comment_status":"closed","ping_status":"closed","template":"","meta":{"_acf_changed":false,"footnotes":""},"coauthors":[7],"class_list":["post-2400","page","type-page","status-publish","hentry"],"acf":[],"_links":{"self":[{"href":"https:\/\/blbt.file2.wcms.tu-dresden.de\/ausbildung\/wp-json\/wp\/v2\/pages\/2400","targetHints":{"allow":["GET"]}}],"collection":[{"href":"https:\/\/blbt.file2.wcms.tu-dresden.de\/ausbildung\/wp-json\/wp\/v2\/pages"}],"about":[{"href":"https:\/\/blbt.file2.wcms.tu-dresden.de\/ausbildung\/wp-json\/wp\/v2\/types\/page"}],"author":[{"embeddable":true,"href":"https:\/\/blbt.file2.wcms.tu-dresden.de\/ausbildung\/wp-json\/wp\/v2\/users\/1"}],"replies":[{"embeddable":true,"href":"https:\/\/blbt.file2.wcms.tu-dresden.de\/ausbildung\/wp-json\/wp\/v2\/comments?post=2400"}],"version-history":[{"count":1,"href":"https:\/\/blbt.file2.wcms.tu-dresden.de\/ausbildung\/wp-json\/wp\/v2\/pages\/2400\/revisions"}],"predecessor-version":[{"id":2401,"href":"https:\/\/blbt.file2.wcms.tu-dresden.de\/ausbildung\/wp-json\/wp\/v2\/pages\/2400\/revisions\/2401"}],"up":[{"embeddable":true,"href":"https:\/\/blbt.file2.wcms.tu-dresden.de\/ausbildung\/wp-json\/wp\/v2\/pages\/138"}],"wp:attachment":[{"href":"https:\/\/blbt.file2.wcms.tu-dresden.de\/ausbildung\/wp-json\/wp\/v2\/media?parent=2400"}],"wp:term":[{"taxonomy":"author","embeddable":true,"href":"https:\/\/blbt.file2.wcms.tu-dresden.de\/ausbildung\/wp-json\/wp\/v2\/coauthors?post=2400"}],"curies":[{"name":"wp","href":"https:\/\/api.w.org\/{rel}","templated":true}]}}