{"id":1002,"date":"2019-09-20T21:52:17","date_gmt":"2019-09-20T19:52:17","guid":{"rendered":"https:\/\/blbt.file2.wcms.tu-dresden.de\/bme2o\/?page_id=1002"},"modified":"2025-03-11T10:10:24","modified_gmt":"2025-03-11T09:10:24","slug":"e-med-tech","status":"publish","type":"page","link":"https:\/\/blbt.file2.wcms.tu-dresden.de\/bme2o\/","title":{"rendered":"e.Med.Tech"},"content":{"rendered":"<div style=\"float: right; width: 150px;\"><a class=\"blauer_rahmen\" style=\"padding: 7px;\" title=\"Lehrbuchreihe\" href=\"https:\/\/blbt.file2.wcms.tu-dresden.de\/bme2o\/lehrbuchreihe\/\" target=\"_blank\" rel=\"noopener noreferrer\"><label class=\"blauer_rahmen_beschriftung\"><img decoding=\"async\" class=\"blauer_rahmen_bild\" style=\"padding-left: 9px;\" src=\"https:\/\/blbt.file2.wcms.tu-dresden.de\/bme2o\/wp-content\/uploads\/2025\/02\/logo_buchreihe.png\" alt=\"\" \/>Lehrbuchreihe inkl. eBook<\/label><\/a><br \/>\n<a class=\"blauer_rahmen\" style=\"padding: 10px;\" title=\"Lehrbuchreihe\" href=\"https:\/\/blbt.file2.wcms.tu-dresden.de\/bme2o\/lehrbuchreihe\/\" target=\"_blank\" rel=\"noopener noreferrer\"><label class=\"blauer_rahmen_beschriftung\"><img decoding=\"async\" class=\"blauer_rahmen_bild\" style=\"padding-left: 14px;\" src=\"https:\/\/blbt.file2.wcms.tu-dresden.de\/bme2o\/wp-content\/uploads\/2019\/09\/lehrbuch2.png\" alt=\"\" \/>Glossar f\u00fcr BMT-Lexikon<\/label><\/a><br \/>\n<a class=\"blauer_rahmen\" style=\"padding: 4px;\" title=\"TheraGnosos Demo\" href=\"https:\/\/blbt.file2.wcms.tu-dresden.de\/bme2o\/elearning\/\" target=\"_blank\" rel=\"noopener noreferrer\"><label class=\"blauer_rahmen_beschriftung\"><img decoding=\"async\" style=\"padding: 9px 0;\" src=\"https:\/\/blbt.file2.wcms.tu-dresden.de\/bme2o\/wp-content\/uploads\/2019\/09\/theragnosos.png\" alt=\"\" \/>eLearning interaktiv. Test<\/label><\/a><br \/>\n<a class=\"blauer_rahmen\" style=\"padding: 5px;\" title=\"BMT-Ausbildung\" href=\"https:\/\/blbt.file2.wcms.tu-dresden.de\/bme2o\/studiengaenge\/\" target=\"_blank\" rel=\"noopener noreferrer\"><label class=\"blauer_rahmen_beschriftung\"><img decoding=\"async\" style=\"padding: 0;\" src=\"https:\/\/blbt.file2.wcms.tu-dresden.de\/bme2o\/wp-content\/uploads\/2019\/09\/ausbildung.png\" alt=\"\" \/>\u00dcbersicht BMT-Studieng\u00e4nge<\/label><\/a><\/div>\n<div style=\"width: 70%; font-weight: bold; padding: 0 44px 0 0;\"><a title=\"Preise und Lizenzen\" href=\"https:\/\/blbt.file2.wcms.tu-dresden.de\/bme2o\/bme2o\/theragnosos\/lernsoftware\/preise-und-lizenzen\/\"><img decoding=\"async\" src=\"https:\/\/blbt.file2.wcms.tu-dresden.de\/bme2o\/wp-content\/uploads\/2019\/09\/emdetech_intro-1.jpg\" alt=\"\" \/><\/a><\/p>\n<div style=\"font-size:large; margin: 40px 0 20px 0;\">Elektronische Wissensbasis Biomedizinische Technik<\/div>\n<div style=\"text-align:center; width:100%; margin-bottom: 35px;\"><a style=\"color: red; font-size: larger; font-weight: bold;\" title=\"Preise und Lizenzen\" href=\"https:\/\/blbt.file2.wcms.tu-dresden.de\/bme2o\/bme2o\/theragnosos\/lernsoftware\/preise-und-lizenzen\/\">Wissen einbringen, f\u00f6rdern und nutzen!<\/a><\/div>\n<div>\n<img loading=\"lazy\" decoding=\"async\" class=\" wp-image-2920 alignleft\" style=\"float: left;\" src=\"https:\/\/blbt.file2.wcms.tu-dresden.de\/bme2o\/wp-content\/uploads\/2025\/02\/blumen_buch.png\" alt=\"\" width=\"130\" height=\"83\" \/> <span style=\"color: red;\">AKTUELL im Februar 2025:<img loading=\"lazy\" decoding=\"async\" class=\"alignright  wp-image-993\" style=\"margin: 0;\" src=\"https:\/\/blbt.file2.wcms.tu-dresden.de\/bme2o\/wp-content\/uploads\/2019\/09\/Logo-eMedTech-allein-1-e1569010190144.jpg\" alt=\"\" width=\"120\" height=\"25\" \/><\/span><br \/>\nBand 3 der Lehrbuchreihe <span style=\"color: red;\">\u201eBiomaterialien, medizinische Implantate, Tissue Engineering\u201c<\/span> ist erschienen \u2013 als eBook und gedruckt<\/div>\n<div style=\"clear:left;\"><\/div>\n<p>Buch kaufen: <a href=\"https:\/\/blbt.file2.wcms.tu-dresden.de\/bme2o\/bme2o\/theragnosos\/lernsoftware\/preise-und-lizenzen\/\" target=\"_blank\">Link zum Bestellformular<\/a><br \/>\nDetails zum Buch s. <a href=\"https:\/\/blbt.file2.wcms.tu-dresden.de\/bme2o\/wp-content\/uploads\/2025\/03\/Band-3-Details-1.pdf\" target=\"_blank\" title=\"Link zum PDF\">PDF<\/a><br \/>\nDetails zur Lehrbuchreihe: <a href=\"https:\/\/blbt.file2.wcms.tu-dresden.de\/bme2o\/lehrbuchreihe\/\" target=\"_blank\">Link zur Lehrbuchreihe<\/a><\/p>\n<p>Im Wissenspool e.MedTech wird das Fachwissen im interdisziplin\u00e4ren Gebiet Biomedizinische Technik gesammelt und f\u00fcr das Hochschulstudium aufbereitet. Experten setzen das Wissen systematisch in eine 12-b\u00e4ndige Lehrbuchreihe f\u00fcr Open Access um &#8211; inkl.\u00a0 einer internetbasierten eLearning-Software mit interaktiven \u00dcbungsaufgaben, Tests und individueller Bewertung. Das Glossar zu wissenschaftlichen Definitionen der Fachbegriffe bildet das Lexikon Biomedizinische Technik, und die deutschsprachigen Studieng\u00e4nge in D-A-CH werden vorgestellt und in einer Landkarte verlinkt.<\/p>\n<p>WISSENschaft lebt von FachWISSEN. Lehre und Weiterbildung stellen die Basis f\u00fcr Fachkr\u00e4fte von morgen dar &#8211; umso mehr in dem zukunfts- und innovationstr\u00e4chtigen Gebiet der Biomedizinischen Technik.<\/p>\n<p>Das Projekt e.MedTech &#8211; Wissensbasis Biomedizinische Technik wird von Enthusiasten organisiert \u00fcber den <a href=\"https:\/\/www.vde.com\/de\/dgbmt\/arbeitsgebiete\/fachausschuesse\/aus-und-weiterbildung\">Fachausschuss<\/a> &#8222;Aus- und Weiterbildung &#8211; Biomedizinische Technik im Studium&#8220; und die <a title=\"GWT\" href=\"https:\/\/www.g-wt.de\/de\/klinische-studien\/referenzstudien\" target=\"_blank\" rel=\"noopener noreferrer\">GWT-TUD GmbH Dresden<\/a>. Bei Interesse an der Mitarbeit nehmen Sie mit uns Kontakt auf \u00fcber ute.morgenstern@tu-dresden.de!<\/div>\n","protected":false},"excerpt":{"rendered":"<p>Lehrbuchreihe inkl. eBook Glossar f\u00fcr BMT-Lexikon eLearning interaktiv. Test \u00dcbersicht BMT-Studieng\u00e4nge Elektronische Wissensbasis Biomedizinische Technik Wissen einbringen, f\u00f6rdern und nutzen! AKTUELL im Februar 2025: Band 3 der Lehrbuchreihe \u201eBiomaterialien, medizinische Implantate, Tissue Engineering\u201c ist erschienen \u2013 als eBook und gedruckt Buch kaufen: Link zum Bestellformular Details zum Buch s. PDF Details zur Lehrbuchreihe: Link zur &hellip; <a href=\"https:\/\/blbt.file2.wcms.tu-dresden.de\/bme2o\/\" class=\"more-link\"><span class=\"screen-reader-text\">\u201ee.Med.Tech\u201c<\/span> weiterlesen<\/a><\/p>\n","protected":false},"author":1,"featured_media":0,"parent":0,"menu_order":0,"comment_status":"closed","ping_status":"closed","template":"","meta":{"footnotes":""},"class_list":["post-1002","page","type-page","status-publish","hentry"],"aioseo_notices":[],"_links":{"self":[{"href":"https:\/\/blbt.file2.wcms.tu-dresden.de\/bme2o\/wp-json\/wp\/v2\/pages\/1002","targetHints":{"allow":["GET"]}}],"collection":[{"href":"https:\/\/blbt.file2.wcms.tu-dresden.de\/bme2o\/wp-json\/wp\/v2\/pages"}],"about":[{"href":"https:\/\/blbt.file2.wcms.tu-dresden.de\/bme2o\/wp-json\/wp\/v2\/types\/page"}],"author":[{"embeddable":true,"href":"https:\/\/blbt.file2.wcms.tu-dresden.de\/bme2o\/wp-json\/wp\/v2\/users\/1"}],"replies":[{"embeddable":true,"href":"https:\/\/blbt.file2.wcms.tu-dresden.de\/bme2o\/wp-json\/wp\/v2\/comments?post=1002"}],"version-history":[{"count":116,"href":"https:\/\/blbt.file2.wcms.tu-dresden.de\/bme2o\/wp-json\/wp\/v2\/pages\/1002\/revisions"}],"predecessor-version":[{"id":3022,"href":"https:\/\/blbt.file2.wcms.tu-dresden.de\/bme2o\/wp-json\/wp\/v2\/pages\/1002\/revisions\/3022"}],"wp:attachment":[{"href":"https:\/\/blbt.file2.wcms.tu-dresden.de\/bme2o\/wp-json\/wp\/v2\/media?parent=1002"}],"curies":[{"name":"wp","href":"https:\/\/api.w.org\/{rel}","templated":true}]}}