{"id":1021,"date":"2019-09-20T22:03:14","date_gmt":"2019-09-20T20:03:14","guid":{"rendered":"https:\/\/blbt.file2.wcms.tu-dresden.de\/bme2o\/?page_id=1021"},"modified":"2025-02-26T13:40:59","modified_gmt":"2025-02-26T12:40:59","slug":"studiengaenge","status":"publish","type":"page","link":"https:\/\/blbt.file2.wcms.tu-dresden.de\/bme2o\/studiengaenge\/","title":{"rendered":"Studieng\u00e4nge"},"content":{"rendered":"<div style=\"float:right; width: 82%; font-weight: bold; padding: 0 44px 0 0;\">\n<div>\n<p style=\"text-align: center\"><a href=\"https:\/\/blbt.file2.wcms.tu-dresden.de\/ausbildung\/\" target=\"_blank\" rel=\"noopener noreferrer\">www.bmt-ausbildung.de<\/a><br \/>\nFachausschuss BMT-Aus- und Weiterbildung in der DGBMT im VDE www.dgbmt.de: <a href=\"https:\/\/www.vde.com\/de\/dgbmt\/arbeitsgebiete\/fachausschuesse\/aus-und-weiterbildung\" target=\"_blank\" rel=\"noopener noreferrer\">https:\/\/www.vde.com\/de\/dgbmt\/arbeitsgebiete\/fachausschuesse\/aus-und-weiterbildung<\/a><\/p>\n<p style=\"text-align: justify\">Diese \u00dcbersicht zu allen deutsch&shy;sprachigen Studien&shy;g\u00e4ngen zur Biomedizinischen Technik erarbeitet und aktualisiert der Fach&shy;ausschu\u00df Aus- und Weiter&shy;bildung seit 1998. Problematisch und verwirrend f\u00fcr Studien&shy;bewerber wie Abnehmer der Absolventen ist die Vielzahl der Studien&shy;gangs&shy;bezeichnungen auf dem inter&shy;disziplin\u00e4ren Fach&shy;gebiet mit Abschlu\u00df B, M. Sc., M. Eng., Diplom mit jeweiligen Forschungs- und Lehr&shy;schwerpunkten in Deutschland, \u00d6sterreich und der Schweiz. In der Land&shy;karte sind Verlinkungen zu einer entsprechenden Daten&shy;bank mit einem \u00dcberblick (*.pdf) vermerkt. Der Fach&shy;ausschu\u00df strebt ein fachlich bewertetes G\u00fcte&shy;siegel \u201eStudien&shy;gang der Biomedizinischen Technik\u201c an, um Orientierung f\u00fcr Abiturienten wie Praxis&shy;partner zu bieten und Wildwuchs einzud\u00e4mmen, s. Status&shy;bericht und Positions&shy;papier wie auch Experten&shy;bericht zu Aus- und Weiter&shy;bildung Biomedizin&shy;technik bei DGBMT im VDE.<\/p>\n<\/div>\n<\/div>\n<div style=\"width: 115px\">\n\t\t<a style=\"padding: 5px;\" class=\"blauer_rahmen\" href=\"https:\/\/blbt.file2.wcms.tu-dresden.de\/ausbildung\/\" title=\"BMT-Ausbildung\" target=\"_blank\" rel=\"noopener noreferrer\"><label class=\"blauer_rahmen_beschriftung\"><img decoding=\"async\" src=\"https:\/\/blbt.file2.wcms.tu-dresden.de\/bme2o\/wp-content\/uploads\/2019\/09\/ausbildung.png\" alt=\"\" style=\"padding: 0;\">\u00dcbersicht BMT-Studieng\u00e4nge<\/label><\/a><\/div>\n<div style=\"clear:both; margin:10px;\">&nbsp;<\/div>\n<p><a title=\"Preise und Lizenzen\" style=\"color: red; margin: 60px 0 20px 0; font-size: large; font-weight: bold;\" href=\"https:\/\/blbt.file2.wcms.tu-dresden.de\/bme2o\/bme2o\/theragnosos\/lernsoftware\/preise-und-lizenzen\/\">Wissen einbringen, f\u00f6rdern und nutzen!<\/a><\/p>\n<div style=\"float: right; width: 290px; margin-left: 20px; height: 90px;\">\n\t\t<a title=\"Preise und Lizenzen\" href=\"https:\/\/blbt.file2.wcms.tu-dresden.de\/bme2o\/bme2o\/theragnosos\/lernsoftware\/preise-und-lizenzen\/\"><img decoding=\"async\" src=\"https:\/\/blbt.file2.wcms.tu-dresden.de\/bme2o\/wp-content\/uploads\/2019\/09\/pfeil.png\" alt=\"\"><\/a><\/div>\n<div>\n<p style=\"font-weight: bold; padding: 0 44px 0 0;\">\n\t\t\tArbeiten Sie mit den eLearning-Modulen zur Biomedizinischen Technik und f\u00f6rdern Sie dadurch auch die Fertigstellung der 12-b\u00e4ndigen Lehrbuchreihe in <em>Open&nbsp;Access<\/em> \u2013 kostenlos f\u00fcr Alle!<\/p>\n<\/div>\n","protected":false},"excerpt":{"rendered":"<p>www.bmt-ausbildung.de Fachausschuss BMT-Aus- und Weiterbildung in der DGBMT im VDE www.dgbmt.de: https:\/\/www.vde.com\/de\/dgbmt\/arbeitsgebiete\/fachausschuesse\/aus-und-weiterbildung Diese \u00dcbersicht zu allen deutsch&shy;sprachigen Studien&shy;g\u00e4ngen zur Biomedizinischen Technik erarbeitet und aktualisiert der Fach&shy;ausschu\u00df Aus- und Weiter&shy;bildung seit 1998. Problematisch und verwirrend f\u00fcr Studien&shy;bewerber wie Abnehmer der Absolventen ist die Vielzahl der Studien&shy;gangs&shy;bezeichnungen auf dem inter&shy;disziplin\u00e4ren Fach&shy;gebiet mit Abschlu\u00df B, M. Sc., M. &hellip; <a href=\"https:\/\/blbt.file2.wcms.tu-dresden.de\/bme2o\/studiengaenge\/\" class=\"more-link\"><span class=\"screen-reader-text\">\u201eStudieng\u00e4nge\u201c<\/span> weiterlesen<\/a><\/p>\n","protected":false},"author":1,"featured_media":0,"parent":0,"menu_order":0,"comment_status":"closed","ping_status":"closed","template":"","meta":{"footnotes":""},"class_list":["post-1021","page","type-page","status-publish","hentry"],"aioseo_notices":[],"_links":{"self":[{"href":"https:\/\/blbt.file2.wcms.tu-dresden.de\/bme2o\/wp-json\/wp\/v2\/pages\/1021","targetHints":{"allow":["GET"]}}],"collection":[{"href":"https:\/\/blbt.file2.wcms.tu-dresden.de\/bme2o\/wp-json\/wp\/v2\/pages"}],"about":[{"href":"https:\/\/blbt.file2.wcms.tu-dresden.de\/bme2o\/wp-json\/wp\/v2\/types\/page"}],"author":[{"embeddable":true,"href":"https:\/\/blbt.file2.wcms.tu-dresden.de\/bme2o\/wp-json\/wp\/v2\/users\/1"}],"replies":[{"embeddable":true,"href":"https:\/\/blbt.file2.wcms.tu-dresden.de\/bme2o\/wp-json\/wp\/v2\/comments?post=1021"}],"version-history":[{"count":6,"href":"https:\/\/blbt.file2.wcms.tu-dresden.de\/bme2o\/wp-json\/wp\/v2\/pages\/1021\/revisions"}],"predecessor-version":[{"id":2980,"href":"https:\/\/blbt.file2.wcms.tu-dresden.de\/bme2o\/wp-json\/wp\/v2\/pages\/1021\/revisions\/2980"}],"wp:attachment":[{"href":"https:\/\/blbt.file2.wcms.tu-dresden.de\/bme2o\/wp-json\/wp\/v2\/media?parent=1021"}],"curies":[{"name":"wp","href":"https:\/\/api.w.org\/{rel}","templated":true}]}}