{"id":330,"date":"2016-09-12T09:53:19","date_gmt":"2016-09-12T07:53:19","guid":{"rendered":"https:\/\/blbt.file2.wcms.tu-dresden.de\/bme2o\/?page_id=330"},"modified":"2016-09-12T11:41:17","modified_gmt":"2016-09-12T09:41:17","slug":"informationen","status":"publish","type":"page","link":"https:\/\/blbt.file2.wcms.tu-dresden.de\/bme2o\/bme2o\/unser-herz\/projekt\/informationen\/","title":{"rendered":"Informationen"},"content":{"rendered":"<p><img loading=\"lazy\" decoding=\"async\" class=\"projekt_logo alignright wp-image-314 size-full\" src=\"https:\/\/blbt.file2.wcms.tu-dresden.de\/bme2o\/wp-content\/uploads\/2016\/09\/logo_herz.png\" alt=\"logo_herz\" width=\"211\" height=\"76\" srcset=\"https:\/\/blbt.file2.wcms.tu-dresden.de\/bme2o\/wp-content\/uploads\/2016\/09\/logo_herz.png 211w, https:\/\/blbt.file2.wcms.tu-dresden.de\/bme2o\/wp-content\/uploads\/2016\/09\/logo_herz-150x54.png 150w\" sizes=\"auto, (max-width: 211px) 85vw, 211px\" \/><\/p>\n<p>Dieses kleine Lernpaket f\u00fcr Vor- und Grundschulkinder unterst\u00fctzt das Vorstellungsverm\u00f6gen und ein erstes Verst\u00e4ndnis der Vorg\u00e4nge im Herz-Kreislauf-System. Es soll die Neugier der Kinder wecken und zum Nachfragen animieren. Das Paket besteht aus einer Lernsoftware, die abschnittsweise unter Anleitung durch Erwachsene auch schon von neugierigen F\u00fcnfj\u00e4hrigen genutzt werden kann, und einem didaktisch aufbereiteten Bastelset mit Materialien und Vorlagen sowie einem kleinen Handbuch f\u00fcr Eltern, ErzieherInnen und LehrerInnen.<\/p>\n<p>Der Vertrieb s\u00e4mtlicher Produkte von &#8222;Unser Herz&#8220; erfolgt \u00fcber die Gesellschaft f\u00fcr Wissentransfer der Technischen Universit\u00e4t Dresden. Bestellungen k\u00f6nnen auf der Seite <a title=\"Link zur Bestellseite\" href=\"https:\/\/blbt.file2.wcms.tu-dresden.de\/bme2o\/?page_id=326\">Preise und Bestellung<\/a> vorgenommen werden.<\/p>\n<p style=\"padding-left: 60px;\">GWT-TUD GmbH<br \/>\nJosephine Frenkel<br \/>\nProjektadministration, Fachbereich Medizin<br \/>\nTel: +49 (0)351 25933-187<br \/>\nMail: Josephine.Frenkel@GWTonline.de<br \/>\nBlasewitzer Str. 43, 01307 Dresden<br \/>\n<a href=\"http:\/\/www.gwtonline.de\/\" target=\"_blank\">http:\/\/www.gwtonline.de<\/a><\/p>\n<p>&nbsp;<\/p>\n","protected":false},"excerpt":{"rendered":"<p>Dieses kleine Lernpaket f\u00fcr Vor- und Grundschulkinder unterst\u00fctzt das Vorstellungsverm\u00f6gen und ein erstes Verst\u00e4ndnis der Vorg\u00e4nge im Herz-Kreislauf-System. Es soll die Neugier der Kinder wecken und zum Nachfragen animieren. Das Paket besteht aus einer Lernsoftware, die abschnittsweise unter Anleitung durch Erwachsene auch schon von neugierigen F\u00fcnfj\u00e4hrigen genutzt werden kann, und einem didaktisch aufbereiteten Bastelset mit &hellip; <a href=\"https:\/\/blbt.file2.wcms.tu-dresden.de\/bme2o\/bme2o\/unser-herz\/projekt\/informationen\/\" class=\"more-link\"><span class=\"screen-reader-text\">\u201eInformationen\u201c<\/span> weiterlesen<\/a><\/p>\n","protected":false},"author":1,"featured_media":396,"parent":328,"menu_order":0,"comment_status":"closed","ping_status":"closed","template":"","meta":{"footnotes":""},"class_list":["post-330","page","type-page","status-publish","has-post-thumbnail","hentry"],"aioseo_notices":[],"_links":{"self":[{"href":"https:\/\/blbt.file2.wcms.tu-dresden.de\/bme2o\/wp-json\/wp\/v2\/pages\/330","targetHints":{"allow":["GET"]}}],"collection":[{"href":"https:\/\/blbt.file2.wcms.tu-dresden.de\/bme2o\/wp-json\/wp\/v2\/pages"}],"about":[{"href":"https:\/\/blbt.file2.wcms.tu-dresden.de\/bme2o\/wp-json\/wp\/v2\/types\/page"}],"author":[{"embeddable":true,"href":"https:\/\/blbt.file2.wcms.tu-dresden.de\/bme2o\/wp-json\/wp\/v2\/users\/1"}],"replies":[{"embeddable":true,"href":"https:\/\/blbt.file2.wcms.tu-dresden.de\/bme2o\/wp-json\/wp\/v2\/comments?post=330"}],"version-history":[{"count":2,"href":"https:\/\/blbt.file2.wcms.tu-dresden.de\/bme2o\/wp-json\/wp\/v2\/pages\/330\/revisions"}],"predecessor-version":[{"id":399,"href":"https:\/\/blbt.file2.wcms.tu-dresden.de\/bme2o\/wp-json\/wp\/v2\/pages\/330\/revisions\/399"}],"up":[{"embeddable":true,"href":"https:\/\/blbt.file2.wcms.tu-dresden.de\/bme2o\/wp-json\/wp\/v2\/pages\/328"}],"wp:featuredmedia":[{"embeddable":true,"href":"https:\/\/blbt.file2.wcms.tu-dresden.de\/bme2o\/wp-json\/wp\/v2\/media\/396"}],"wp:attachment":[{"href":"https:\/\/blbt.file2.wcms.tu-dresden.de\/bme2o\/wp-json\/wp\/v2\/media?parent=330"}],"curies":[{"name":"wp","href":"https:\/\/api.w.org\/{rel}","templated":true}]}}