{"id":59,"date":"2016-09-09T12:00:34","date_gmt":"2016-09-09T10:00:34","guid":{"rendered":"https:\/\/blbt.file2.wcms.tu-dresden.de\/bme2o\/?page_id=59"},"modified":"2016-12-11T08:18:51","modified_gmt":"2016-12-11T07:18:51","slug":"projekte","status":"publish","type":"page","link":"https:\/\/blbt.file2.wcms.tu-dresden.de\/bme2o\/bme2o\/ueber-uns\/projekte\/","title":{"rendered":"Projekte"},"content":{"rendered":"<table class=\"no_border\">\n<tbody>\n<tr>\n<td class=\"no_border\"><img loading=\"lazy\" decoding=\"async\" class=\"aligncenter wp-image-63 size-full\" src=\"https:\/\/blbt.file2.wcms.tu-dresden.de\/bme2o\/wp-content\/uploads\/2016\/09\/theragnosos_logo-e1473427360877.png\" alt=\"theragnosos_logo\" width=\"200\" height=\"69\" \/><\/td>\n<td class=\"no_border\"><a href=\"https:\/\/blbt.file2.wcms.tu-dresden.de\/bme2o\/?page_id=67\">TheraGnosos<br \/>\nBlended Learning Biomedizinische Technik<\/a><\/td>\n<\/tr>\n<tr>\n<td class=\"no_border\"><img loading=\"lazy\" decoding=\"async\" class=\"wp-image-61 size-full aligncenter\" src=\"https:\/\/blbt.file2.wcms.tu-dresden.de\/bme2o\/wp-content\/uploads\/2016\/09\/herz_logo.png\" alt=\"herz_logo\" width=\"133\" height=\"48\" \/><\/td>\n<td class=\"no_border\"><a href=\"https:\/\/blbt.file2.wcms.tu-dresden.de\/bme2o\/?page_id=69\">Unser Herz<br \/>\nLernsoftware f\u00fcr die Vor- und Grundschule \u00fcber das menschliche Herz<\/a><\/td>\n<\/tr>\n<tr>\n<td class=\"no_border\"><img loading=\"lazy\" decoding=\"async\" class=\"aligncenter wp-image-64 size-full\" src=\"https:\/\/blbt.file2.wcms.tu-dresden.de\/bme2o\/wp-content\/uploads\/2016\/09\/unibelt_logo-e1473427410405.png\" alt=\"unibelt_logo\" width=\"200\" height=\"48\" \/><\/td>\n<td class=\"no_border\"><a href=\"https:\/\/blbt.file2.wcms.tu-dresden.de\/bme2o\/?page_id=76\">UnIbELT<br \/>\nBiomedizintechnikmodule f\u00fcr den \u00dcbergang Schule-Hochschule<\/a><\/td>\n<\/tr>\n<tr>\n<td class=\"no_border\"><img loading=\"lazy\" decoding=\"async\" class=\"aligncenter wp-image-62 size-medium\" src=\"https:\/\/blbt.file2.wcms.tu-dresden.de\/bme2o\/wp-content\/uploads\/2016\/09\/kryobiotech-300x222.png\" alt=\"kryobiotech\" width=\"300\" height=\"222\" \/><\/td>\n<td class=\"no_border\"><a href=\"https:\/\/blbt.file2.wcms.tu-dresden.de\/bme2o\/?page_id=80\">KryoBioTech<br \/>\nInteraktive Lernmethode f\u00fcr das Tutorium KryoBioTech<\/a><\/td>\n<\/tr>\n<tr>\n<td class=\"no_border\"><img loading=\"lazy\" decoding=\"async\" class=\"aligncenter wp-image-60 size-medium\" src=\"https:\/\/blbt.file2.wcms.tu-dresden.de\/bme2o\/wp-content\/uploads\/2016\/09\/beatmung_fuer_einsteiger-300x225.png\" alt=\"beatmung_fuer_einsteiger\" width=\"300\" height=\"225\" \/><\/td>\n<td class=\"no_border\"><a href=\"https:\/\/blbt.file2.wcms.tu-dresden.de\/bme2o\/?page_id=84\">Beatmung f\u00fcr Einsteiger<br \/>\nInteraktives eLearningmodul der An\u00e4sthesiologie zum Thema &#8222;Beatmung&#8220;<\/a><\/td>\n<\/tr>\n<\/tbody>\n<\/table>\n","protected":false},"excerpt":{"rendered":"<p>TheraGnosos Blended Learning Biomedizinische Technik Unser Herz Lernsoftware f\u00fcr die Vor- und Grundschule \u00fcber das menschliche Herz UnIbELT Biomedizintechnikmodule f\u00fcr den \u00dcbergang Schule-Hochschule KryoBioTech Interaktive Lernmethode f\u00fcr das Tutorium KryoBioTech Beatmung f\u00fcr Einsteiger Interaktives eLearningmodul der An\u00e4sthesiologie zum Thema &#8222;Beatmung&#8220;<\/p>\n","protected":false},"author":1,"featured_media":0,"parent":14,"menu_order":4,"comment_status":"closed","ping_status":"closed","template":"","meta":{"footnotes":""},"class_list":["post-59","page","type-page","status-publish","hentry"],"aioseo_notices":[],"_links":{"self":[{"href":"https:\/\/blbt.file2.wcms.tu-dresden.de\/bme2o\/wp-json\/wp\/v2\/pages\/59","targetHints":{"allow":["GET"]}}],"collection":[{"href":"https:\/\/blbt.file2.wcms.tu-dresden.de\/bme2o\/wp-json\/wp\/v2\/pages"}],"about":[{"href":"https:\/\/blbt.file2.wcms.tu-dresden.de\/bme2o\/wp-json\/wp\/v2\/types\/page"}],"author":[{"embeddable":true,"href":"https:\/\/blbt.file2.wcms.tu-dresden.de\/bme2o\/wp-json\/wp\/v2\/users\/1"}],"replies":[{"embeddable":true,"href":"https:\/\/blbt.file2.wcms.tu-dresden.de\/bme2o\/wp-json\/wp\/v2\/comments?post=59"}],"version-history":[{"count":17,"href":"https:\/\/blbt.file2.wcms.tu-dresden.de\/bme2o\/wp-json\/wp\/v2\/pages\/59\/revisions"}],"predecessor-version":[{"id":552,"href":"https:\/\/blbt.file2.wcms.tu-dresden.de\/bme2o\/wp-json\/wp\/v2\/pages\/59\/revisions\/552"}],"up":[{"embeddable":true,"href":"https:\/\/blbt.file2.wcms.tu-dresden.de\/bme2o\/wp-json\/wp\/v2\/pages\/14"}],"wp:attachment":[{"href":"https:\/\/blbt.file2.wcms.tu-dresden.de\/bme2o\/wp-json\/wp\/v2\/media?parent=59"}],"curies":[{"name":"wp","href":"https:\/\/api.w.org\/{rel}","templated":true}]}}